**2 - 3*r + 1. Let v be l(o). What is the highest common divisor of 13 and v?
13
Suppose 0 = -o + 4*m - 1, 2*o + 3*m - 6*m - 8 = 0. Let v(t) = t**3 - 6*t**2 - 8*t. Let q be v(o). Let f = q + 9. What is the greatest common factor of f and 14?
2
Suppose -o + 28 - 1 = 0. Calculate the greatest common factor of 18 and o.
9
Let g(k) = 15*k**2 + 4*k + 2. Let n(a) = a**2 + 6*a + 6. Let b be n(-4). Let c be g(b). Suppose -99 = -5*o + 81. What is the highest common factor of c and o?
18
Suppose 3*u = 5*q + 1, -q - 1 = 3*u - 4*u. Let j = 258 - 256. What is the highest common divisor of j and q?
1
Suppose 0 = 2*v - 5*v + 156. Let g be (-17)/(-34) + (-50)/(-4). What is the highest common divisor of g and v?
13
Let w = -618 + 937. What is the greatest common factor of w and 29?
29
Let u(f) = f**2 - f - 9. Let x(g) = -2*g**2 + g + 17. Let k(w) = -7*u(w) - 4*x(w). Let r be k(5). Calculate the highest common divisor of r and 14.
7
Suppose 0 = 4*z + 2*a - 28, -5*z + 15 - 6 = -4*a. Calculate the greatest common divisor of z and 1.
1
Suppose 2*w + 2*w = 48. Calculate the highest common factor of 36 and w.
12
Suppose -3*o - 4*g = -35, -5*o - 10 = 5*g - 60. Suppose -11 = -o*a - 1. Suppose -110 = -a*x - 0. What is the greatest common factor of 11 and x?
11
Let o(s) = s + 1. Let d be o(6). Suppose -25 - d = -2*c. Suppose -310 = -5*m - 5*l, 3*l - 19 - 231 = -4*m. What is the greatest common factor of c and m?
16
Suppose -56*i - 110 = -61*i. Calculate the highest common factor of i and 55.
11
Suppose -4 = -5*q + 156. What is the greatest common divisor of q and 4?
4
Suppose -3*x + 2*c - c + 33 = 0, -8 = -2*x - 4*c. Let j = 1 + x. Let d be 260/6 - 6/(-9). Calculate the greatest common divisor of j and d.
11
Let n be (0 - 19)*(1 + -2). Calculate the greatest common divisor of n and 95.
19
Let b be (1 - 0 - 1)/2. Let k be b/(2 - (-2 - -5)). Let x = k + 6. Calculate the greatest common factor of 48 and x.
6
Let n = 6 - 2. Suppose 0*r + 15 = r - 2*w, -3*w = n*r - 60. Let o(a) = -a**2 + 6*a - 3. Let d be o(4). What is the highest common factor of d and r?
5
Let x be (1/(-2))/((-3)/312). Let r = x + -28. What is the greatest common factor of 12 and r?
12
Let k be (-12)/(-16) - (-2 + (-459)/12). What is the greatest common divisor of 164 and k?
41
Let b(z) = -2*z**3 - z**2 + z - 2. Let o be b(-2). Calculate the highest common divisor of 64 and o.
8
Let h(x) = -1. Let u(p) = p + 14. Let v(w) = 3*h(w) + u(w). Let i be v(-9). Suppose -24 = -i*m + 24. What is the highest common divisor of m and 6?
6
Let l(r) = 154*r - 1. Let a be l(1). Suppose 27 = -3*q + a. What is the greatest common factor of 6 and q?
6
Let l = 20 - 4. What is the greatest common divisor of 8 and l?
8
Let k be (-3)/(6/(-32)) - -1. Let s = 16 - -1. Calculate the greatest common factor of s and k.
17
Let o(r) = -r**3 - 4*r**2 - 6*r. Let w be o(-3). Let h = 1 - -1. Suppose h*z - 2 = 10. What is the highest common factor of z and w?
3
Suppose 8*z + 0*z = 152. Calculate the highest common divisor of 57 and z.
19
Let u(a) = a**3 + 4*a**2 - 4*a + 5. Let z be u(-5). Let l be z - (2 + -1 - 17). Let v(k) = k + 16. Let c be v(0). What is the highest common divisor of l and c?
16
Suppose 2*z - 5*u + u = 66, -4*z - u = -87. What is the greatest common divisor of z and 253?
23
Let b = -44 + 17. Let h = -15 - b. Calculate the highest common factor of 84 and h.
12
Let k be (-1 + 2)/((28/(-60))/(-7)). Suppose -2*f - 30 = -7*f - r, -5*r - 24 = -4*f. What is the greatest common divisor of k and f?
3
Let p be (-4)/14 + 65/7. Suppose -792 = 10*c - 18*c. What is the highest common factor of p and c?
9
Let x(g) = -4*g - 6. Let w be x(-4). Suppose -w = -2*m + 2. Suppose -22 = -4*f + 170. Calculate the highest common factor of m and f.
6
Let o(s) = 3*s - 1. Let t be o(1). Suppose t = -2*q + 6. Suppose -3*m = 2*y + q*m - 10, m + 2 = 0. Calculate the greatest common factor of 70 and y.
10
Suppose -4*q = h - 4*h + 7, -2*h = -q - 8. Let u = -11 - -16. Suppose 5*t - q*t = -12, -15 = -s - u*t. Calculate the greatest common divisor of 7 and s.
7
Let z(s) = 3*s**2 + 4*s + 4. Let k be z(8). Let p(h) = -2*h + 6. Let g be p(4). Let m be g/4 + k/8. What is the highest common divisor of 42 and m?
14
Suppose 73 + 2 = 5*c. Let l be ((-162)/c)/((-18)/120). Calculate the highest common factor of 8 and l.
8
Suppose 15 = -2*h - 3*h. Let s = h + 18. Calculate the highest common divisor of 3 and s.
3
Suppose 0 = -3*g + 6, -4*t - 2*g + 5*g = -26. Calculate the highest common divisor of 40 and t.
8
Let g(m) be the second derivative of m**3/6 + m**2 - 6*m. Let k be g(7). What is the highest common factor of k and 9?
9
Suppose -2*s - 5 + 4 = -l, 5*l = -4*s + 33. Suppose s = -0*c + c. Calculate the highest common factor of c and 6.
2
Let a = -141 - -153. Calculate the greatest common divisor of 6 and a.
6
Suppose 0 = 2*c - 8 - 16. Let f(d) = -d + 60. Let x = 8 + -8. Let k be f(x). What is the highest common divisor of c and k?
12
Let a(z) = z**3 - 9*z**2 - 10*z - 1. Let f be a(10). Let x be 2 + 1 + 1 + f. What is the greatest common divisor of 15 and x?
3
Let z(o) = -o**2 + 8*o - 6. Let g be z(7). Let j(i) = g - 3 - 4*i - 1 - 1. Let c be j(-4). Calculate the greatest common divisor of 132 and c.
12
Let o = 257 + 33. Suppose -3*r + o = 65. What is the greatest common factor of r and 30?
15
Let s be 5 - 2 - (3 - 3). Let t be (9 - 1 - 2) + -1. Suppose -y + t = -s. What is the highest common factor of 72 and y?
8
Let u be 2/8 - (-69)/12. Suppose 3*a - 12 - u = 0. Calculate the greatest common divisor of 24 and a.
6
Suppose 5*u - 179 = -59. Suppose -12 - 20 = -4*s. What is the greatest common factor of u and s?
8
Suppose 3*z = 4*z. Suppose 2*j - 20 + z = 0. Let p be (-2)/4 - 483/(-6). Calculate the highest common divisor of j and p.
10
Let t = -48 + 78. Suppose 0 = 2*j - 56. Let s = j + -16. Calculate the highest common factor of t and s.
6
Let r = 6 - 3. Suppose 2*j + q + 3 = 0, 0 = -j + 8*q - r*q + 15. Let i be (j + 1)*-2*-8. Calculate the greatest common factor of 8 and i.
8
Let f = -104 - -124. What is the highest common divisor of f and 20?
20
Let o(g) = 83*g**3 + g**2 + g - 1. Let d be o(1). What is the greatest common divisor of 24 and d?
12
Let y(j) = 14*j + 10. Let s be y(9). Calculate the greatest common factor of s and 17.
17
Let s(t) = 20*t**2 + 3*t - 3. Let p be s(1). Let h be 42 - 1 - (-1)/(-1). What is the greatest common divisor of p and h?
20
Suppose 28 - 10 = 3*w. Let r be 18 + (0 - (-2 + 2)). Suppose 0*o = -o - 2*b + 6, -3*o + b + r = 0. What is the greatest common factor of o and w?
6
Let v = -13 + 8. Let r(c) = c**3 + 6*c**2 + 3*c - 6. Let u be r(v). Suppose u*o = -0*o + 68. Calculate the greatest common factor of 17 and o.
17
Let s(j) = j**3 + 7*j**2 - 13*j - 4. Let l be s(-10). Let g be l/(-10) + (-2)/5. Calculate the highest common divisor of g and 51.
17
Let y = -1 + 3. Let i(r) = 24*r + 2. Let l be i(y). Let u(f) = f**2 + 3*f. Let h be u(-5). What is the highest common factor of l and h?
10
Suppose -q - 310 = -58. Let l be (-10)/(-3)*q/(-10). What is the greatest common factor of 14 and l?
14
Let r be ((-1)/(-3))/(2/636). Suppose 38 = 4*b - r. What is the greatest common factor of 4 and b?
4
Let f(i) = i**3 + i**2 + 5*i - 4. Let t be f(-5). Let l be 639/12*-1*4. Let g = t - l. What is the highest common factor of 12 and g?
12
Let x = -175 + 325. Calculate the greatest common divisor of x and 60.
30
Let r(d) = 8*d - 18. Let s be r(3). Calculate the greatest common factor of 9 and s.
3
Suppose 3*l = 5*y - 46, 0 = -y - 0*l + l + 10. Calculate the highest common factor of y and 24.
8
Let u(r) = r**3 + 8*r**2 + 6*r - 2. Let p be u(-7). Suppose -p*l = -10*l + 120. What is the highest common factor of 8 and l?
8
Suppose 5*l - 5 = 0, -l = -0*z + 2*z - 309. Let d = -70 + z. What is the highest common divisor of 21 and d?
21
Let s be 6 - (-1 + 0) - 1. Suppose w = -0*w. Suppose w = -y - y + 12. Calculate the greatest common factor of s and y.
6
Suppose 5*y - 10 + 5 = 0. Let d(q) = 27*q**2 - q**2 - y + q + 2*q**2. Let a be d(1). What is the highest common factor of 4 and a?
4
Let k = -35 + 25. Let x be 146/4 + k/20. Calculate the highest common factor of 24 and x.
12
Let s = 20 - 37. Let c = 38 + s. What is the highest common divisor of c and 189